{"id":2217,"date":"2020-10-08T06:46:09","date_gmt":"2020-10-08T05:46:09","guid":{"rendered":"http:\/\/adolphemax.be\/?page_id=2217"},"modified":"2022-09-15T09:04:13","modified_gmt":"2022-09-15T08:04:13","slug":"asbl-bravvo","status":"publish","type":"page","link":"https:\/\/adolphemax.be\/index.php\/asbl-bravvo\/","title":{"rendered":"Service de m\u00e9diation"},"content":{"rendered":"\n<p><strong>Un conflit,&nbsp;une tension,&nbsp;des difficult\u00e9s&nbsp;relationnelles&nbsp;\u00e0 l\u2019\u00e9cole\u202f?&nbsp;<\/strong>&nbsp;<br><strong>Et pourquoi pas la m\u00e9diation\u202f?<\/strong><strong>&nbsp;<\/strong>&nbsp;<br>&nbsp;<br><strong>Le m\u00e9diateur scolaire, c&rsquo;est&nbsp;une personne ressource&nbsp;\u00e0&nbsp;qui parler librement au sein de l&rsquo;\u00e9cole.&nbsp;Il est&nbsp;disponible pour les \u00e9l\u00e8ves, les parents et l&rsquo;\u00e9quipe p\u00e9dagogique&nbsp;et&nbsp;facilite le dialogue en cas de tension.<\/strong>&nbsp;<\/p>\n\n\n\n<p>Une dispute entre \u00e9l\u00e8ves, une mauvaise ambiance au cours, un accident de parcours&#8230; Tout ce qui influence la vie \u00e0 l&rsquo;\u00e9cole peut \u00eatre abord\u00e9&nbsp;lors d\u2019une rencontre de&nbsp;m\u00e9diation.&nbsp;Le m\u00e9diateur&nbsp;est accessible&nbsp;et agit avec respect, sans&nbsp;juger.&nbsp;&nbsp;<\/p>\n\n\n\n<p><strong>En&nbsp;entretien&nbsp;<\/strong>&nbsp;<br>Le m\u00e9diateur vous&nbsp;<strong>accueille<\/strong>&nbsp;personnellement et&nbsp;vous&nbsp;<strong>\u00e9coute<\/strong>&nbsp;dans vos&nbsp;difficult\u00e9s.&nbsp;Il vous&nbsp;<strong>soutient&nbsp;<\/strong>dans&nbsp;ce que vous vivez. Ensemble, des&nbsp;pistes de solution&nbsp;sont envisag\u00e9es&nbsp;:&nbsp;m\u00e9diation, accompagnement, relais vers des services&nbsp;sp\u00e9cialis\u00e9s,&nbsp;information&#8230;&nbsp;<\/p>\n\n\n\n<p>\u201c<em>Ce que j\u2019ai le plus appr\u00e9ci\u00e9 dans la rencontre de m\u00e9diation, c\u2019est d\u2019avoir pu exprimer mes \u00e9motions et d\u2019\u00eatre \u00e9cout\u00e9e jusqu\u2019au bout<\/em>\u201d&nbsp;Sofia, 14 ans&nbsp;&nbsp;<\/p>\n\n\n\n<p>\u201c<em>Au d\u00e9but, je ne voyais pas \u00e0 quoi \u00e7a allait servir. J\u2019ai pu exprimer&nbsp;ce qui engendrait de la tension entre lui et moi, dans un espace autre que la classe,&nbsp;et&nbsp;\u00e7a a apais\u00e9 notre relation.&nbsp;La m\u00e9diation m\u2019a permis d\u2019avoir un autre regard sur mon professeur<\/em>\u201d&nbsp;Alex, 17 ans&nbsp;<\/p>\n\n\n\n<p><strong>En groupe&nbsp;<\/strong>&nbsp;<\/p>\n\n\n\n<p>En cas de&nbsp;tensions en\u202fclasse,&nbsp;il&nbsp;propose&nbsp;<strong>une m\u00e9diation<\/strong>&nbsp;permettant \u00e0 chacun&nbsp;de s\u2019exprimer. Il aide le groupe \u00e0&nbsp;am\u00e9liorer&nbsp;l\u2019ambiance de la classe.&nbsp;<\/p>\n\n\n\n<p>Il propose<strong>&nbsp;des sensibilisations<\/strong>&nbsp;sur des th\u00e9matiques comme le cyberharc\u00e8lement, les st\u00e9r\u00e9otypes, le vivre-ensemble&#8230;&nbsp;<\/p>\n\n\n\n<p><em>\u00ab&nbsp;\u2026 suite \u00e0 des difficult\u00e9s r\u00e9currentes avec ma classe, je suis all\u00e9 trouver les m\u00e9diateurs qui ont propos\u00e9, apr\u00e8s en avoir parl\u00e9 avec tous les \u00e9l\u00e8ves, plusieurs moments de ce qu\u2019ils appellent \u00ab&nbsp;m\u00e9diation collective&nbsp;\u00bb. Effectivement, je dois dire que les \u00e9l\u00e8ves et moi-m\u00eame avons pu mettre des mots sur ce qui bloquait, les retards, les absences, le manque de concentration dans le travail, mes exigences peut-\u00eatre un peu excessives. Alors ce n\u2019est toujours pas parfait mais l\u2019ambiance entre nous s\u2019est am\u00e9lior\u00e9e&nbsp;\u00bb <\/em>Yvan, professeur de g\u00e9ographie<\/p>\n\n\n\n<p><strong>Des projets collectifs\u202fpour\u202ffaire de l&rsquo;\u00e9cole un lieu toujours plus humain et citoyen\u202f<\/strong>\u202f\u00a0<br>Les m\u00e9diateurs de\u202fBravvo\u202fmettent sur pied des\u202fprojets\u202fen lien avec les besoins de l\u2019\u00e9cole.\u202f\u202f\u00a0<br>A l\u2019Ath\u00e9n\u00e9e Adolphe Max, le service de m\u00e9diation anime, en collaboration avec les enseignants, des cercles de parole dans les classes de premi\u00e8re ann\u00e9e.\u00a0 Ce projet a pour but de permettre aux \u00e9l\u00e8ves de prendre la parole, d\u2019exprimer leurs \u00e9motions, les difficult\u00e9s auxquelles ils font face et leurs besoins.\u00a0 L\u2019\u00e9change de parole libre et s\u00e9curis\u00e9 des cercles est un outil permettant de cr\u00e9er du lien, d\u00e9velopper l\u2019empathie et renforcer la confiance en soi de chaque \u00e9l\u00e8ve.<\/p>\n\n\n\n<p><strong>Bon \u00e0 savoir<\/strong>&nbsp;<\/p>\n\n\n\n<ul><li>Le service est ouvert \u00e0\u202f<strong>tous les \u00e9l\u00e8ves<\/strong>, \u00e0 leurs\u202f<strong>parents\u202f<\/strong>et \u00e0 toute l&rsquo;<strong>\u00e9quipe&nbsp;\u00e9ducative<\/strong>:&nbsp;professeurs, \u00e9ducateurs, membres de la direction.&nbsp;<\/li><li>La m\u00e9diation scolaire est un service\u202f<strong>neutre,&nbsp;gratuit\u202f<\/strong>et\u202f<strong>ind\u00e9pendant<\/strong>\u202fde l&rsquo;\u00e9cole. La\u202f<strong>confidentialit\u00e9\u202f<\/strong>est assur\u00e9e.&nbsp;&nbsp;<\/li><li>Une m\u00e9diation&nbsp;s\u2019entame toujours&nbsp;<strong>sur base volontaire<\/strong>.&nbsp;<\/li><\/ul>\n\n\n\n<p><strong>Votre&nbsp;m\u00e9diatrice scolaire&nbsp;\u00e0&nbsp;l\u2019Ath\u00e9n\u00e9e Adolphe Max<\/strong><\/p>\n\n\n\n<p>Marjorie Montignies<br><a href=\"mailto:karine.uge@brucity.be&nbsp;\">marjorie.montignies@brucity.be&nbsp;<\/a><br>Rue de Gravelines, 68, 1000 Bruxelles<br><a href=\"http:\/\/www.bravvo.be\/\">www.bravvo.be<\/a>&nbsp;&nbsp;<br><br>Bravvo&nbsp;est le service de pr\u00e9vention de la Ville de Bruxelles.&nbsp;<br>Retrouvez toutes les informations sur la m\u00e9diation scolaire&nbsp;de&nbsp;Bravvo&nbsp;sur&nbsp;<a href=\"https:\/\/bravvo.bruxelles.be\/les-mediateurs-scolaires-pour-bien-vivre-lecole\">https:\/\/bravvo.bruxelles.be\/les-mediateurs-scolaires-pour-bien-vivre-lecole<\/a>&nbsp;<\/p>\n","protected":false},"excerpt":{"rendered":"<p>Un conflit,&nbsp;une tension,&nbsp;des difficult\u00e9s&nbsp;relationnelles&nbsp;\u00e0 l\u2019\u00e9cole\u202f?&nbsp;&nbsp;Et pourquoi pas la m\u00e9diation\u202f?&nbsp;&nbsp;&nbsp;Le m\u00e9diateur scolaire, c&rsquo;est&nbsp;une personne ressource&nbsp;\u00e0&nbsp;qui parler librement au sein de l&rsquo;\u00e9cole.&nbsp;Il est&nbsp;disponible pour les \u00e9l\u00e8ves, les parents et l&rsquo;\u00e9quipe p\u00e9dagogique&nbsp;et&nbsp;facilite le dialogue en cas de tension.&nbsp; Une dispute entre \u00e9l\u00e8ves, une mauvaise ambiance au cours, un accident de parcours&#8230; Tout ce qui influence la vie \u00e0 &hellip; <a href=\"https:\/\/adolphemax.be\/index.php\/asbl-bravvo\/\" class=\"more-link\">Continuer la lecture de <span class=\"screen-reader-text\">Service de m\u00e9diation<\/span> <span class=\"meta-nav\">&rarr;<\/span><\/a><\/p>\n","protected":false},"author":1,"featured_media":0,"parent":0,"menu_order":0,"comment_status":"closed","ping_status":"closed","template":"","meta":[],"_links":{"self":[{"href":"https:\/\/adolphemax.be\/index.php\/wp-json\/wp\/v2\/pages\/2217"}],"collection":[{"href":"https:\/\/adolphemax.be\/index.php\/wp-json\/wp\/v2\/pages"}],"about":[{"href":"https:\/\/adolphemax.be\/index.php\/wp-json\/wp\/v2\/types\/page"}],"author":[{"embeddable":true,"href":"https:\/\/adolphemax.be\/index.php\/wp-json\/wp\/v2\/users\/1"}],"replies":[{"embeddable":true,"href":"https:\/\/adolphemax.be\/index.php\/wp-json\/wp\/v2\/comments?post=2217"}],"version-history":[{"count":6,"href":"https:\/\/adolphemax.be\/index.php\/wp-json\/wp\/v2\/pages\/2217\/revisions"}],"predecessor-version":[{"id":2685,"href":"https:\/\/adolphemax.be\/index.php\/wp-json\/wp\/v2\/pages\/2217\/revisions\/2685"}],"wp:attachment":[{"href":"https:\/\/adolphemax.be\/index.php\/wp-json\/wp\/v2\/media?parent=2217"}],"curies":[{"name":"wp","href":"https:\/\/api.w.org\/{rel}","templated":true}]}}