{"id":52,"date":"2015-11-24T20:35:00","date_gmt":"2015-11-24T19:35:00","guid":{"rendered":"http:\/\/adolphemax.be\/?page_id=52"},"modified":"2015-11-24T20:35:00","modified_gmt":"2015-11-24T19:35:00","slug":"stage-decologie","status":"publish","type":"page","link":"https:\/\/adolphemax.be\/index.php\/initiatives-pedagogiques\/stage-decologie\/","title":{"rendered":"Stage d&rsquo;\u00e9cologie"},"content":{"rendered":"<p>Les sections latin-sciences et sciences voient leurs grilles horaires faire une large place aux cours de biologie, chimie et physique. Le cours de g\u00e9ographie, \u00e9galement pr\u00e9vu \u00e0 la grille horaire, n&rsquo;est pas n\u00e9glig\u00e9. C&rsquo;est tout naturellement que les \u00e9l\u00e8ves de ces sections s&rsquo;int\u00e9ressent \u00e0 l&rsquo;\u00e9cologie en relation avec ces cours. Etudes de roches pr\u00e9lev\u00e9es directement sur le terrain, analyse de la qualit\u00e9 d&rsquo;un eau de rivi\u00e8re, &#8230; : autant d&rsquo;activit\u00e9s propos\u00e9es \u00e0 nos \u00e9l\u00e8ves lors de la semaine qu&rsquo;ils passent dans la r\u00e9gion de Han-sur Lesse. Accueilis pendant une semaine au superbe Centre des Masures, appartenant \u00e0 la Communaut\u00e9 fran\u00e7aise, nos \u00e9l\u00e8ves de 4LS et 4SC2 consacrent leurs matin\u00e9es \u00e0 des excursions et des pr\u00e9l\u00e8vements sur le terrain et leurs apr\u00e8s-midi \u00e0 l&rsquo;analyse des pr\u00e9l\u00e8vements en laboratoire. Une fa\u00e7on bien agr\u00e9able de s&rsquo;initier aux sciences en g\u00e9n\u00e9ral et au travail en laboratoire en particulier. En 5<sup>e<\/sup> et en 6<sup>e<\/sup> ann\u00e9es, les travaux de laboratoires sont pr\u00e9vus \u00e0 la grille horaire en chimie et physique.<\/p>\n","protected":false},"excerpt":{"rendered":"<p>Les sections latin-sciences et sciences voient leurs grilles horaires faire une large place aux cours de biologie, chimie et physique. Le cours de g\u00e9ographie, \u00e9galement pr\u00e9vu \u00e0 la grille horaire, n&rsquo;est pas n\u00e9glig\u00e9. C&rsquo;est tout naturellement que les \u00e9l\u00e8ves de ces sections s&rsquo;int\u00e9ressent \u00e0 l&rsquo;\u00e9cologie en relation avec ces cours. Etudes de roches pr\u00e9lev\u00e9es directement &hellip; <a href=\"https:\/\/adolphemax.be\/index.php\/initiatives-pedagogiques\/stage-decologie\/\" class=\"more-link\">Continuer la lecture de <span class=\"screen-reader-text\">Stage d&rsquo;\u00e9cologie<\/span> <span class=\"meta-nav\">&rarr;<\/span><\/a><\/p>\n","protected":false},"author":1,"featured_media":0,"parent":44,"menu_order":0,"comment_status":"closed","ping_status":"closed","template":"","meta":[],"_links":{"self":[{"href":"https:\/\/adolphemax.be\/index.php\/wp-json\/wp\/v2\/pages\/52"}],"collection":[{"href":"https:\/\/adolphemax.be\/index.php\/wp-json\/wp\/v2\/pages"}],"about":[{"href":"https:\/\/adolphemax.be\/index.php\/wp-json\/wp\/v2\/types\/page"}],"author":[{"embeddable":true,"href":"https:\/\/adolphemax.be\/index.php\/wp-json\/wp\/v2\/users\/1"}],"replies":[{"embeddable":true,"href":"https:\/\/adolphemax.be\/index.php\/wp-json\/wp\/v2\/comments?post=52"}],"version-history":[{"count":1,"href":"https:\/\/adolphemax.be\/index.php\/wp-json\/wp\/v2\/pages\/52\/revisions"}],"predecessor-version":[{"id":53,"href":"https:\/\/adolphemax.be\/index.php\/wp-json\/wp\/v2\/pages\/52\/revisions\/53"}],"up":[{"embeddable":true,"href":"https:\/\/adolphemax.be\/index.php\/wp-json\/wp\/v2\/pages\/44"}],"wp:attachment":[{"href":"https:\/\/adolphemax.be\/index.php\/wp-json\/wp\/v2\/media?parent=52"}],"curies":[{"name":"wp","href":"https:\/\/api.w.org\/{rel}","templated":true}]}}